, 41, 101
What are the prime factors of 18530?
2, 5, 17, 109
What are the prime factors of 2078?
2, 1039
List the prime factors of 342.
2, 3, 19
What are the prime factors of 1142?
2, 571
List the prime factors of 6644.
2, 11, 151
List the prime factors of 2452.
2, 613
What are the prime factors of 87141?
3, 31, 937
List the prime factors of 102907.
7, 61, 241
What are the prime factors of 72251?
72251
What are the prime factors of 630?
2, 3, 5, 7
List the prime factors of 631.
631
List the prime factors of 9906.
2, 3, 13, 127
What are the prime factors of 3528?
2, 3, 7
What are the prime factors of 12390?
2, 3, 5, 7, 59
What are the prime factors of 975?
3, 5, 13
List the prime factors of 29211.
3, 7, 13, 107
List the prime factors of 218.
2, 109
List the prime factors of 3239.
41, 79
What are the prime factors of 22630?
2, 5, 31, 73
List the prime factors of 724.
2, 181
What are the prime factors of 14919?
3, 4973
What are the prime factors of 16255?
5, 3251
List the prime factors of 50542.
2, 37, 683
List the prime factors of 248.
2, 31
What are the prime factors of 282?
2, 3, 47
What are the prime factors of 411?
3, 137
List the prime factors of 4746.
2, 3, 7, 113
List the prime factors of 62431.
149, 419
What are the prime factors of 16492?
2, 7, 19, 31
List the prime factors of 26376.
2, 3, 7, 157
List the prime factors of 129.
3, 43
List the prime factors of 4195.
5, 839
What are the prime factors of 14647?
97, 151
What are the prime factors of 2404?
2, 601
List the prime factors of 19286.
2, 9643
What are the prime factors of 940?
2, 5, 47
What are the prime factors of 1313?
13, 101
List the prime factors of 3422.
2, 29, 59
What are the prime factors of 48?
2, 3
What are the prime factors of 1251?
3, 139
What are the prime factors of 2011?
2011
What are the prime factors of 3343?
3343
What are the prime factors of 11135?
5, 17, 131
List the prime factors of 96476.
2, 89, 271
List the prime factors of 78968.
2, 9871
List the prime factors of 1090.
2, 5, 109
What are the prime factors of 4501?
7, 643
List the prime factors of 5115.
3, 5, 11, 31
What are the prime factors of 9725?
5, 389
What are the prime factors of 1073?
29, 37
What are the prime factors of 58654?
2, 29327
What are the prime factors of 4418?
2, 47
What are the prime factors of 622?
2, 311
List the prime factors of 4458.
2, 3, 743
List the prime factors of 32157.
3, 397
What are the prime factors of 2522?
2, 13, 97
What are the prime factors of 14769?
3, 547
What are the prime factors of 8274?
2, 3, 7, 197
List the prime factors of 163451.
79, 2069
What are the prime factors of 730?
2, 5, 73
List the prime factors of 57719.
57719
What are the prime factors of 176?
2, 11
List the prime factors of 4779.
3, 59
What are the prime factors of 19846?
2, 9923
List the prime factors of 25388.
2, 11, 577
What are the prime factors of 1560?
2, 3, 5, 13
List the prime factors of 721.
7, 103
What are the prime factors of 2285?
5, 457
List the prime factors of 104493.
3, 61, 571
List the prime factors of 513.
3, 19
List the prime factors of 864.
2, 3
List the prime factors of 2913.
3, 971
What are the prime factors of 64546?
2, 59, 547
What are the prime factors of 6326?
2, 3163
What are the prime factors of 80313?
3, 19, 1409
What are the prime factors of 10498?
2, 29, 181
List the prime factors of 5581.
5581
What are the prime factors of 1931?
1931
List the prime factors of 5725.
5, 229
What are the prime factors of 1303?
1303
List the prime factors of 1143.
3, 127
List the prime factors of 40.
2, 5
What are the prime factors of 7185?
3, 5, 479
List the prime factors of 8298.
2, 3, 461
What are the prime factors of 104171?
73, 1427
What are the prime factors of 779?
19, 41
What are the prime factors of 10937?
10937
List the prime factors of 19685.
5, 31, 127
What are the prime factors of 35739?
3, 11, 19
What are the prime factors of 4461?
3, 1487
List the prime factors of 782.
2, 17, 23
List the prime factors of 3812.
2, 953
List the prime factors of 264.
2, 3, 11
List the prime factors of 339.
3, 113
What are the prime factors of 17047?
17047
What are the prime factors of 9093?
3, 7, 433
What are the prime factors of 1859?
11, 13
What are the prime factors of 43568?
2, 7, 389
List the prime factors of 5802.
2, 3, 967
What are the prime factors of 2299?
11, 19
What are the prime factors of 9196?
2, 11, 19
What are the prime factors of 4657?
4657
List the prime factors of 7322.
2, 7, 523
List the prime factors of 3093.
3, 1031
What are the prime factors of 79929?
3, 83, 107
What are the prime factors of 40021?
31, 1291
List the prime factors of 4325.
5, 173
List the prime factors of 704.
2, 11
What are the prime factors of 1146?
2, 3, 191
List the prime factors of 1454.
2, 727
What are the prime factors of 811?
811
What are the prime factors of 25096?
2, 3137
What are the prime factors of 92960?
2, 5, 7, 83
List the prime factors of 13339.
13339
List the prime factors of 37993.
37993
List the prime factors of 95597.
95597
List the prime factors of 50745.
3, 5, 17, 199
List the prime factors of 1141.
7, 163
What are the prime factors of 586?
2, 293
List the prime factors of 15975.
3, 5, 71
What are the prime factors of 8512?
2, 7, 19
List the prime factors of 1893.
3, 631
List the prime factors of 26097.
3, 8699
List the prime factors of 756.
2, 3, 7
List the prime factors of 38698.
2, 11, 1759
What are the prime factors of 2291?
29, 79
List the prime factors of 11995.
5, 2399
What are the prime factors of 27?
3
List the prime factors of 2310.
2, 3, 5, 7, 11
What are the prime factors of 2675?
5, 107
What are the prime factors of 1292?
2, 17, 19
What are the prime factors of 2986?
2, 1493
What are the prime factors of 564?
2, 3, 47
What are the prime factors of 124323?
3, 29, 1429
List the prime factors of 1752.
2, 3, 73
List the prime factors of 9102.
2, 3, 37, 41
What are the prime factors of 34086?
2, 3, 13, 19, 23
What are the prime factors of 746?
2, 373
What are the prime factors of 4413?
3, 1471
What are the prime factors of 1702?
2, 23, 37
What are the prime factors of 1359?
3, 151
What are the prime factors of 1604?
2, 401
List the prime factors of 14770.
2, 5, 7, 211
What are the prime factors of 830?
2, 5, 83
What are the prime factors of 6375?
3, 5, 17
List the prime factors of 4700.
2, 5, 47
What are the prime factors of 29420?
2, 5, 1471
List the prime factors of 9689.
9689
List the prime factors of 3151.
23, 137
List the prime factors of 6601.
7, 23, 41
What are the prime factors of 1771?
7, 11, 23
What are the prime factors of 7011?
3, 19, 41
List the prime factors of 5986.
2, 41, 73
List the prime factors of 12927.
3, 31, 139
List the prime factors of 47583.
3, 17, 311
List the prime factors of 2661.
3, 887
List the prime factors of 11308.
2, 11, 257
What are the prime factors of 7849?
47, 167
What are the prime factors of 840?
2, 3, 5, 7
What are the prime factors of 2866?
2, 1433
What are the prime factors of 8333?
13, 641
What are the prime factors of 40124?
2, 7, 1433
List the prime factors of 9513.
3, 7, 151
What are the prime factors of 19810?
2, 5, 7, 283
What are the prime factors of 23163?
3, 7, 1103
What are the prime factors of 22703?
73, 311
List the prime factors of 3125.
5
What are the prime factors of 66460?
2, 5, 3323
List the prime factors of 6510.
2, 3, 5, 7, 31
What are the prime factors of 34235?
5, 41, 167
List the prime factors of 3091.
11, 281
What are the prime factors of 41?
41
List the prime factors of 62594.
2, 7, 17, 263
List the prime factors of 8168.
2, 1021
List the prime factors of 16421.
16421
List the prime factors of 2895.
3, 5, 193
List the prime factors of 1502.
2, 751
What are the prime factors of 22651?
22651
What are the prime factors of 4721?
4721
What are the prime factors of 673?
673
List the prime factors of 50.
2, 5
What are the prime factors of 753?
3, 251
List the prime factors of 74102.
2, 7, 67, 79
What are the prime factors of 42243?
3, 14081
List the prime factors of 3636.
2, 3, 101
What are the prime factors of 534?
2, 3, 89
What are the prime factors of 29937?
3, 17, 587
List the prime factors of 1270.
2, 5, 127
List the prime factors of 9751.
7, 199
List the prime factors of 1401.
3, 467
List the prime factor